 is the value of -29 + (11 - (8 + 6 + -18))?
-14
Evaluate -18 + -10 + 8 + -4 + 12 - (-1 + -127).
116
What is the value of (-18 - (2 - 9)) + 67 + -65?
-9
Evaluate 23 + (24 - (24 - (19 - -1))).
43
Calculate -8 - (-19 - 9) - 18 - -79.
81
Evaluate -39 + (-9 - -49) + (-19 - (-3 - -1 - -6)).
-22
-24 - (-74 - (9 + -44))
15
-27 - (-100 + 22 - -14)
37
What is 13 - ((11 - -9) + (16 - 13)) - -81?
71
What is the value of -13 + (-5 + -3 - -1 - (4 - (12 + 0)))?
-12
What is the value of 3 + 25 + 48 + -40?
36
What is 0 - (-30 - (-10 + 9 + 4 + -4) - -7)?
22
What is 3 + -9 + -5 + (-20 - -64) + 50?
83
What is (-24 - -115) + -79 - -84?
96
What is (5 - -5) + -20 + -17 + (9 - 10) + 4?
-24
Calculate (0 + 37 + -27 - 19) + -34.
-43
Calculate -16 - (-13 + -4 + 92 + -94).
3
What is the value of 41 - (-24 - (13 + -47) - 95)?
126
(38 + -22 - 62) + 13 + (-4 - -2)
-35
Calculate 206 + -76 + -82 - (7 + -16).
57
Calculate 0 - 42 - (-927 - -852).
33
What is the value of 92 + (4 - -2) + (12 - 1 - 13 - 5)?
91
Calculate 46 + 59 + -67 + -25.
13
8 + (4 - 14) + 6 + -22
-18
What is -16 - ((-20 - -10) + 30 - 26)?
-10
What is (6 - 11) + (-2 - (9 + 1)) + (-84 - -123)?
22
What is the value of (-189 - -189) + 15 + -1 + (-6 - -1) + -1?
8
What is 54 + (13 - 56) + (-5 - (-112 - 2 - 0))?
120
-21 + 10 + (-4 - 43) + (2 - -1)
-55
What is the value of -39 - (-4 - -1 - (-18 - 2))?
-56
What is the value of 6 - (-60 - -62 - ((-19 - -21) + 0 + 25))?
31
(-13 - (-16 - -21)) + 3 - (-5 + 9 - 5)
-14
-8 + (11 + 49 - 16) + 3 + 1 + -10
30
What is the value of -11 + 56 + 22 - (0 + 2 + (-11 - -4))?
72
Calculate 5 + -8 + -67 - (18 - (11 - -3)).
-74
Calculate -86 - -96 - ((0 - (6 - 3) - -36) + 3).
-26
Evaluate -4 - (-26 + 42 - 22) - 28.
-26
What is the value of 111 - (1 + -12 + 20 - 38) - (0 + -2)?
142
What is -30 - ((-31 - -13) + -9) - -3?
0
(39 - 22 - 26) + -94 - -31
-72
0 + 1 + 20 - (-135 - -135)
21
What is -3558 + 3558 - (45 + 1 + -1)?
-45
(-47 - (30 - 35)) + 14
-28
Calculate 41 - (-84 - (-16 + -81)).
28
(29 + 5 - 15) + (1 - -11)
31
3 + -4 + 37 + -3 - (-25 + (62 - 46))
42
What is 57 + (-12 - 22) - (2 - -6)?
15
What is (-8 - -6) + (9 - (36 - 20) - 9)?
-18
What is the value of -45 + (12 - -23) - -9?
-1
-2 - (-6 - 1) - (-15 - (15 + -44) - 51)
42
What is 76 - (18 - (-9 + 13) - 35 - -13)?
84
Evaluate (-73 - 0) + -1 + 16 + (31 - -50 - 102).
-79
Evaluate (49 - -2) + (102 - 148).
5
Evaluate (-8 - -7) + (-6 - (20 + -113)).
86
16 - (6 - (14 - 10) - 4 - 5)
23
Evaluate -61 + (16 + -3 - (62 + -36 - 33)).
-41
Evaluate -1 + (-1 - 1) + 126 + -135 - -11.
-1
13 - 0 - (-13 - (-54 - -80))
52
Calculate 21 + -8 - (-93 + 106).
0
-40 - ((-2 - -13 - (-221 + 238)) + -18 + 8)
-24
What is (30 - ((24 - -11) + -49)) + -11?
33
Evaluate 6 + -5 - 26 - (-41 - 43).
59
What is 6 + 56 + (92 - 199)?
-45
Calculate 24 + 15 + -55 + 64.
48
40 + -10 + -30 - 5
-5
What is (-66 - -46) + (-8 - -25)?
-3
Calculate -53 + 16 - -26 - (-69 + 0) - -11 - -3.
72
What is the value of 66 + (-3 - ((-28 - -20) + (10 - 5 - -5)))?
61
Calculate (1 + -14 - 0) + -775 + 809.
21
-10 + 133 + 6 + (17 - 10 - -3 - 0)
139
Calculate (-3 - -3) + (49 - 39) + -14 - 27.
-31
What is the value of (-6 - (-8 - 14) - 12) + -1 + -9 + -28?
-34
Evaluate 1 - (37 - 2) - (-28372 - -28378).
-40
Evaluate 14 - 33 - (34 + 3).
-56
48 + -48 - (-2 + 33 + 3 + -1 - -1)
-34
What is the value of 3 + (-4 + -7 + 13 - -5) - -58?
68
What is -52 + -13 + -22 + 17 + (1 - -28)?
-41
Calculate 10 - (25 + -16 - -102 - 19).
-82
What is (-14 - (18 + (-35 - -13))) + -1?
-11
What is the value of -81 + 82 + (4 - -9 - 35)?
-21
Calculate 12 + 0 - ((24 - 35) + -140 + 67).
96
What is (47 - -5) + (170 - 211)?
11
(-3 - -2) + (-69 - -20) - (-474 + 465)
-41
What is -42 + -68 + 33 + 71?
-6
-93 + (-188 - -94 - -227)
40
-29 + (44 - 32) - (5 - 0) - -11
-11
What is -2 + -4 + -27 + -5 - 10?
-48
Evaluate 7 - -21 - (11 + -7) - (184 + -30).
-130
What is (12 - 0) + (17 - (-24 + (-21 - -66))) + -28?
-20
What is 1 + 67 - (-15509 - -15531)?
46
What is -12 - (87 - (1 + (4 - -1) + (-76 - -80)))?
-89
What is (2 - (-3 + -7 + 2)) + -68 + 99 + -5?
36
-31 + 26 + (11 + -7 - -8)
7
14 - (0 + 5 + (-71 - -35 - 100))
145
What is the value of (12 - 0 - 39) + (1 - 13) + 1?
-38
Calculate (0 - -91) + (0 - 13 - (17 - (42 + -21))).
82
What is the value of (45 - 26) + (0 - -5) + -11 - 51?
-38
(-2 + 0 - (-1 + 12)) + (-10 - 71) + 6
-88
5 + 27 + (1524 - 1452)
104
What is the value of (-1 + 5 - 2) + (-8 + 12 - 10) + 62?
58
-3 + (12 - -7) + (-1 - (-23 + 17))
21
Calculate (-427 - (213 + -539)) + (0 - (1 + 19)).
-121
-1672 + 1714 + (2 - 0) + 0 + 2 + -9
37
What is 4 + -6 - (-1 + (12 - (2 + 6)))?
-5
-2 + (-2 - -28 - (-8 + 31 + -14))
15
Calculate -6 + (-1 - -1) + 3 - -9 - (67 + -41).
-20
What is -57 - (80 + (-80 - 23))?
-34
Calculate -134 - -176 - 37 - (1 + -40).
44
-14 + -4 + 6 + 4 - (-3 - (14 - -12))
21
What is -14 + (41 + -33 + 12 - 3) + 22?
25
Evaluate ((27 - 20) + 9 + -24 - -4) + 103.
99
What is (0 - 12) + (4 - 58 - -78)?
12
What is -129 + 110 + (-16 + 11 - -8)?
-16
What is (8 - 21) + (59 + -174 - -67)?
-61
What is 13 - 76 - (9 - 9) - -14?
-49
What is the value of 9 + 3 - (31 - 19 - 35)?
35
What is -61 - 35 - -138 - (2 + -11)?
51
Calculate 7 + ((-18 - -6) + 31 - (-2 - 4)).
32
What is the value of -82 + 123 + 23 + -52?
12
Evaluate 84 + (-29 - -5) + -23 - -15.
52
Calculate 14 - (1 + 0) - ((87 + -41 - -31) + 58).
-122
Calculate 6 - (48 - -7) - -17.
-32
Calculate 40 + (29 - (-58 + 24 - -92)).
11
What is 9 + 18 + -16 + (67 - 3) + -13?
62
What is (-7 - 0) + (-8 - -12 - -6 - 3 - 3)?
-3
Evaluate (20 - 10) + (1 - (2 - 4)) + 120 + -85.
48
Evaluate (-32 - -45) + (2 - (0 + 2)) + -5.
8
Calculate 17 + -9 + -7 + 74 - (27 + -14 + -3).
65
What is the value of -54 + (-1 - -48) + 35?
28
What is -194 - -178 - (9 + 8)?
-33
43 - (51 + -39 - -14)
17
Evaluate -1 - (3 + -2) - (-84 + 26 + 39 + 11).
6
What is 0 - (3 - -114) - (-184 + 169) - -6?
-96
What is -19 + 2 + 4 + (-100 - -106 - (1 + 12))?
-20
-10 + 1 - ((4 - (-51 + 46)) + -2 + 0)
-16
What is the value of -18 + -32 + 6 + 40?
-4
What is 10 - (-90 - (16 + -42 + 12) - 1)?
87
What is -31 - (2 - 207 - (941 - 971))?
144
What is (-142 - 1) + -4583 + 4635?
-91
Evaluate -51 + (102 - (-37 - -61)).
27
Evaluate (-7 - (57 + -41)) + 49 - (9 - 0).
17
What is 11 - 1 - (1029 - 1064)?
45
What is the value of (-727 - -713) + 0 + -1 + 4?
-11
What is the value of -5 - -29 - 53 - (-4 + -1)?
-24
What is 15 - 9 - (14 - (-8 - 26))?
-42
Calculate (1 - (-2 - -56)) + (7 + -12 + 18 - 1).
-41
What is (-19 - -1) + (-27 - 5) + -26 + 22?
-54
30 + 28 + -46 + -62
-50
6 - ((2 - 1) + (10 - 21 - 48) + -3)
67
Calculate 75 - (-37 + 51 + 42).
19
Calculate 7 + -2 + 206 + -234.
-23
Evaluate (27 - (29 - (-16 + 17))) + (-8 - -91).
82
-8 + (-2 + -1 - (4 - 8 - 22 - 7))
22
What is -4 + -21 + 39 + -16 + 0 + 8?
6
(-25 - -1) + 2 + (-12 + 14 - -16 - 12)
-16
Evaluate (446 - 434) + -83 + 1 - (5 + -4).
-71
What is -3 + 6 + 36 + -11?
28
Evaluate -251 + 249 + 57 + -5.
50
Calculate (-4 - (-117 + 139)) + 80.
54
Calculate (93 - 1) + -76 + 70 - (14 - (4 - -4)).
80
Calculate -16 - -18 - 30 - -98.
70
What is the value of 6 + (-4 - 5) + 16 - (71 + 1)?
-59
What is the value of (18 + -2 - (19 - (-8 - -20))) + -31 - -4?
-18
Evaluate -127 - -50 - 78 - -139.
-16
Calculate 1 + -2 + 3 + -3 + (-2209 - -2239).
29
What is the value of -16 - -31 - -28 - (2 - (2 - 1))?
42
-132 - (-189 + 88) - -112
81
Evaluate 14 - (-18 + 70 + 8).
-46
What is (2 - -4) + 5 + -57 + 20 + (-22 - 15)?
-63
Calculate -8 + (-2 - (-35 + 17) - 31).
-23
(-125 + -17 - -187) + 103
148
-7 + 38 + -14 + -14 + 22
25
What is (-57 - 1) + (-44 - -33) + (4 - (2 - 4))?
-63
-86 + 214 + -118 + (0 - -16)
26
Calculate -18 - (14 - 26 - (-13 + -15)).
-34
11 + (-34 - -31) - (-6 + 4 - 5)
15
What is the value of 7 + (28 - 13) + -41?
-19
-5 - 59 - 3 - (25 + (-15 - 17))
-60
Evaluate 38 + -56 + -5 + 36.
13
What is the value of 0 + (-335 + 331 - (-5 - 0)) + 36?
37
Calculate -42 - 2 - (295 + -359).
20
What is -4 + 13 + -49 + 18 + 25 + -14?
-11
(1 - 7) + -263 + (-57 - -328)
2
Calculate -14 + -45 + 32 + (1 - -2).
-24
-142 + 107 + (-129 - -86)
-78
0 - ((10 - (-7 + 16)) + -2 + -60)
61
Evaluate (21 - -21) + (-3 + 6 - (-2 + (13 - 2))).
36
Evaluate -7 - ((-3 - -30) + 34 - 32).
-36
What is the value of ((26 - 38) + 89 - (7 - 2)) + 8?
80
-1 - -15 - (23 + (-90 - -120))
